5) - -4 - -4?
9
Evaluate -10 + -8 + 10 + 0 + 5.
-3
What is the value of 2 + 3 + (-4 - -3)?
4
What is the value of (-20 - -28) + -7 - (11 - -2)?
-12
Evaluate 8 + 17 - (20 + -9) - 15.
-1
Evaluate 16 - -21 - (-4 + (5 - 2 - -12)).
26
Calculate (-21 - -38) + -50 + 35.
2
Evaluate 3 + -7 - (3 + (-5 - 11)) - -8.
17
-6 - (3 + (9 - 10) + 7)
-15
What is the value of 13 + -6 + (-52 - -57) + (0 - 1)?
11
What is (-14 - 26) + 51 - (-13 - 0)?
24
Evaluate 0 - 0 - (25 - 13 - 20).
8
-4 - (-24 - (-23 + -21))
-24
Evaluate (-24 - -20) + 4 + -2 + 19.
17
Calculate (24 - 1) + 2 - (-11 + 18 + 0).
18
What is the value of (-4 - -2) + -7 + -9 + -4?
-22
What is the value of -5 - 2 - -1 - (-5 + (2 - -8))?
-11
What is -7 + 4 - (9 + -3) - -2?
-7
5 + -3 + (4 - (-8 + 14)) + -8
-8
Calculate 25 - ((-20 - -10) + 0 - (-4 + -7)).
24
Evaluate (-3 - 1) + -207 + 214.
3
Evaluate -12 - ((-6 - -15 - (11 - 12)) + -5).
-17
Calculate (20 - 2) + -205 + 205.
18
Calculate -3 + ((15 - 1) + -2 - (18 - 13)).
4
(670 - 685) + -3 + (2 - 17)
-33
Calculate 9 + -13 - (0 - -3) - 4.
-11
Evaluate -12 - -3 - (-152 + 136).
7
What is 6 - (2 + (-5 - (-25 + 2)))?
-14
Calculate (-78 - -35) + 36 - 23.
-30
What is the value of 56 + (-39 - -7) - -1?
25
-40 + (35 - -13) + (2 - (2 + 7))
1
Evaluate (8 + -7 - -16) + -12 - (4 - 1).
2
Evaluate 8 - -18 - 14 - 16.
-4
(2 - -4) + 6 + (-3 - 1) + -15
-7
7 + (26 - 12) + (-50 - -21)
-8
What is -1 + 6 + -2 + 18?
21
What is (-1 - (0 + 8 - 7)) + -6?
-8
Calculate 10 + (-1 - (0 + 12)) - (-12 + 1).
8
Evaluate (3 - (4 - -1) - -4) + -1 - -1.
2
What is (7 + 5 + -11 - 15) + (4 - 6)?
-16
What is (1 + -22 - ((29 - 25) + -10)) + 7?
-8
-22 + 48 + -79 + 65
12
((5 - 10) + 7 - 1) + 5 + -1
5
Evaluate 5 + (3 - 3) - 3 - (-229 + 221).
10
What is the value of 2 + 3 + (-9 - (16 + -26)) + -6?
0
-12 + (-28 - (20 + -50))
-10
What is the value of 4 - 1 - ((31 - (12 + -4)) + -7)?
-13
Calculate (-46 - -51) + (-4 + 4 - 1).
4
Evaluate 3 + (18 - 13) - (2 + 33 + 0).
-27
-27 + 22 + (0 - (3 + -2)) + 23
17
(-6 + -2 + 3 + 13 - -5) + 0
13
What is the value of 9 - ((-15 - (2 + -11)) + 13)?
2
Calculate (11 - 22) + 5 - (7 - 0 - 3).
-10
Evaluate 12 - ((32 - 18) + 1 + -24).
21
(-20 - 0) + -5 + -12 + 20
-17
Evaluate 7 + -22 - -14 - (0 + 0).
-1
What is -1 - 19 - (174 + -181)?
-13
Evaluate 21 - (-14 + 28 - 12).
19
(-24 - -37) + -18 - (16 + 3)
-24
What is the value of -1 - -2 - (262 + -273)?
12
Calculate (-1 - 10) + 17 - -3.
9
-20 + 10 + -17 - -16
-11
What is (13 - 17) + 0 - (1 + 12 - 1)?
-16
Calculate 2 + -6 - -7 - (48 - 60).
15
-10 + (37 - 12) + -12 + (0 - -10)
13
What is -24 - (0 + 1 + 123 + -134)?
-14
What is (0 - -3) + (-238 - -219)?
-16
What is 25 - (6 - -36) - (-1 - -2)?
-18
3 - (-3 - (-8 - 18 - (6 + -3)))
-23
-34 + -17 + 22 + 12
-17
Calculate -7 - -19 - (-1 + 3 - -12 - 7).
5
What is the value of -262 - -236 - (-16 - -1)?
-11
What is 3 + (-11 - 2) + 17?
7
-5 + -1 + 102 + -86
10
Calculate 9 + -9 - (2 + 2 - (13 - 1)).
8
1 + (-42 + 74 - (11 - -2))
20
Evaluate (-2 - -40) + (9 - (29 + -16 + 2)).
32
Evaluate 1 + -2 + (0 - (-16 + 8)) - 7.
0
Calculate -9 + 12 + -7 + 11 + -9.
-2
Evaluate (4 - 1) + (25 - 75) + 41.
-6
What is 7 + -1 + -15 + -5?
-14
Evaluate 3 - (35 - (5 + 13)).
-14
What is (47 - 33) + (-9 - (-2 - -15))?
-8
Evaluate 0 + -5 - (-16 + -3).
14
-24 + 17 + (-45 - -81 - (-1 - -3))
27
What is 0 + 16 - (-89 - -90)?
15
Calculate (11 - 27) + (10 - 12 - 3).
-21
Calculate (-66 - -68) + -3 + 0 + 0.
-1
Calculate (-4 + -4 - (-24 + 7)) + -8.
1
(0 - -5 - 2) + (-42 - (32 + -81))
10
Evaluate 9 - (1 - (16 - -4) - -11 - -15).
2
-6 + (-10 - (-4 + -5 + 0)) - 0
-7
Calculate 7 - (-1 + -3 + (-6 - (9 + -19))).
7
Evaluate (-2 - 11) + 15 + -2 - (-1 + 2).
-1
What is -5 - (3 + (9 - ((16 - 7) + -3)))?
-11
Calculate (1 - -6) + (0 - 0) - 14.
-7
What is the value of 24 - (14 - 5) - (1 - -6)?
8
What is (12 - (6 + -26)) + -28?
4
What is 21 - (7 + (-2 - 3) + 30 + -31)?
20
What is the value of -7 + 14 + -3 - 8?
-4
Calculate 22 - -6 - (-6 + 18 + 0).
16
Calculate -14 - -3 - (-9 - -9) - -5.
-6
What is the value of 43 - (33 - (38 - 24))?
24
(1 - 1) + 1 - (-34 - -35)
0
What is the value of -16 + 25 - (6 - (-1 - -7))?
9
What is the value of 4 - (-8 - 0) - 2?
10
What is -17 - ((0 - -10) + (-5 - 4))?
-18
What is 21 + -13 + (-26 - -19)?
1
What is (9 - 7) + (6 - (-5 + (-4 - -24)))?
-7
What is the value of 6 + -8 - -4 - (-6 + (2 - 0))?
6
Calculate (-7 - 14) + 12 - -5 - (-20 + -1).
17
Evaluate 5 + 0 + (3 - 36) + 18.
-10
What is -11 + 2 + 16 + 2?
9
Calculate 10 + 3 + 245 + -278.
-20
What is the value of -17 + 21 - 10 - 3?
-9
What is the value of -12 + (-10 - (14 + -1 - 21))?
-14
What is (1 - 5 - (75 - 50)) + 0 + 4?
-25
What is -1 + 10 + (6 - (-5 - (11 - 28)))?
3
What is 2 - 1 - (-4 - (-21 + 10))?
-6
Evaluate -17 - -48 - 17 - (0 + -1) - -1.
16
What is 4 - (-8 + 9) - (29 - 12)?
-14
Calculate -104 + 105 - (-7 - 0).
8
Evaluate -12 + (-19 - -28 - (-3 - -3)).
-3
What is -8 + 14 + 36 + -31?
11
What is the value of 12 - -2 - -6 - (-21 - -30)?
11
31 - (-6 + (4 - -27))
6
Evaluate (0 + -3 - 2 - -15) + 9.
19
What is the value of 6 + 0 - (-13 - (7 - (12 + 10)))?
4
What is the value of -40 + -17 + 44 + -25?
-38
Calculate -28 - (1 + 29 - 48).
-10
Evaluate (18 - (11 + 6)) + 2 + -1 + -1.
1
What is the value of -2 + -1 - (2 + (-1 + 8 - 3))?
-9
Evaluate 6 + 37 + -36 + 5 + -1.
11
Evaluate 1 - -4 - (2 + 0 - 7 - -12).
-2
What is -8 + (-11 - 1 - -33)?
13
What is the value of 3 - (5 - -2) - ((4 - -6) + -1)?
-13
(-1091 - -1094) + 0 + (1 - (-21 - -1))
24
4 + -17 - 3 - (154 - 161)
-9
(-4 - (-26 + -3)) + -12 + 16
29
-3 - (-3 - 10) - 0
10
13 + -14 + (12 + (-2 - 1) - 8)
0
What is -18 - ((-5 - (-4 - -7)) + (6 - 6))?
-10
-6 - (36 - 32) - (15 - -2)
-27
29 - (53 + (-9 - 30))
15
What is the value of -1 + (-3 - (-3 - 3)) + (-21 - -12)?
-7
What is the value of 28 - 33 - -15 - (-1 - 0)?
11
-6 - (9 + -9 - (-25 + 14))
-17
What is the value of 3 + (-5 - (-1 - (2 - (-3 + 1))))?
3
Evaluate (-49 - -31) + (-6 - -28).
4
What is 0 - 10 - (-9 + 13 + -9)?
-5
Calculate 8 + 9 + (-11 - -20 - -1).
27
Calculate (338 - 341) + -4 + (24 - 2).
15
What is the value of 14 - 11 - (-19 - -8)?
14
Calculate (-33 - -16) + (-1 - -2) - (-3 + 0).
-13
What is the value of (-11 + 4 - -7 - 0) + 4 + -2?
2
Evaluate 43 + ((2 - 7) + -6 - (1 + -1)).
32
Calculate 21 - 10 - 13 - (9 - (5 - 9)).
-15
Evaluate (-8 - (-22 - -5)) + -2 - -1.
8
Calculate 9 + (0 - (4 + 5 + -7)).
7
What is 7 + -1 + 1 - (183 + -151)?
-25
What is the value of -19 - (-18 + 38 + -18)?
-21
What is the value of (13 - 4 - -6) + (2 - 4 - 2)?
11
-17 + 41 - (50 - 31)
5
What is 12 - (18 - (6 + 15))?
15
What is -6 - 9 - (146 - 133)?
-28
Calculate 2 - -2 - (-3 - (-7 + -1)).
-1
What is the value of (10 - 31) + (6 - -20)?
5
Evaluate (23 - 33) + 47 + -13.
24
What is the value of (-21 - -1) + -11 + (40 - 12) + -18?
-21
What is 3 + (2 - (13 - (3 - -6)))?
1
Evaluate -4 + -7 - (10 + -10) - (1 + 0).
-12
Calculate (-9 - -16) + -14 + 25.
18
What is the value of -6 - (-4 - -3) - (-20 + 22)?
-7
What is (-12 + (12 - -2) - (-5 - -15)) + 25?
17
What is (7 - -2) + -20 + 17?
6
What is (40 - 20) + -17 + -1?
2
Evaluate -36 + 29 - (-10 - -22).
-19
(27 + -71 - -62) + -2 + -3 + 1
14
((1 - 8) + 5 - 3) + -5 + 6
-4
Evaluate 17 - (-9 + 2 - -15).
9
(23 - -16) + -1 + -15 - 10
13
Calculate -7 + 6 + -2 + 5.
2
What is the value of (-1 - -24) + (11 - 27)?
7
What is the value of (-5 - -6) + 4 + (-25 - -6)?
-14
Calculate -2 - ((4 + -5 - -6) + -11).
4
What is the value of (-2 - -2) + (18 - 19) - (5 - -4)?
-10
Evaluate -15 - (80 - 84 - (-2 + -3)).
-16
What is -4 + 15 + -22 + -9 + 8?
-12
What is 20 + (-25 - 12) + (3 - -10)?
-4
What is the value of 4 - 3 - (25 + -13 - -3)?
-14
Calculate (-14 - -23 - 9) + -3.
-3
What is -8 - -7 - (-10 - (-6 + 8) - -11)?
0
(33 - -2) + (536 - 550)
21
What is the value of 113 + -119 - (2 + 11 + -2)?
-17
Evaluate 13 + -20 + (12 - 2) - 3.
0
What is -21 - (-29 - -27) - -17 - (-7 - -1)?
4
Evaluate -16 + 2 + -3 - -7.
-10
Calculate 12 - (0 + (4 - 10)).
18
Evaluate (4 - (0 - (-3 + 2))) + (30 - 35).
-2
15 + (12 - 16) + 3 + -14
0
What is -46 + 31 - -21 - 12?
-6
What is the value of (-11 - -1) + 7 + 11?
8
Calculate 2 + (-7 + 4 - -3) - 10 - 0.
-8
What is 10 + (-8 + 1 + 2 - 8)?
-3
What is the value of -3 + (3 - -2 - 14 - -6) + -13?
-19
Calculate 239 - 212 - (-2 + 17).
12
Evaluate 0 + -6 + (6 - 3